digit of 3885?
3
What is the hundreds digit of 409?
4
What is the tens digit of 21667?
6
What is the units digit of 7677?
7
What is the hundreds digit of 861?
8
What is the tens digit of 13836?
3
What is the units digit of 186?
6
What is the units digit of 10054?
4
What is the hundreds digit of 872?
8
What is the thousands digit of 34872?
4
What is the thousands digit of 73654?
3
What is the tens digit of 128510?
1
What is the units digit of 3226?
6
What is the hundreds digit of 51600?
6
What is the thousands digit of 21891?
1
What is the ten thousands digit of 15235?
1
What is the ten thousands digit of 28054?
2
What is the units digit of 113586?
6
What is the units digit of 1287?
7
What is the units digit of 471?
1
What is the units digit of 113218?
8
What is the ten thousands digit of 54870?
5
What is the hundreds digit of 6415?
4
What is the tens digit of 849?
4
What is the hundreds digit of 617?
6
What is the hundreds digit of 41744?
7
What is the thousands digit of 2498?
2
What is the hundreds digit of 38109?
1
What is the tens digit of 367?
6
What is the units digit of 20098?
8
What is the hundreds digit of 393?
3
What is the hundreds digit of 108?
1
What is the units digit of 1013?
3
What is the units digit of 4226?
6
What is the tens digit of 7939?
3
What is the units digit of 754?
4
What is the units digit of 2668?
8
What is the tens digit of 6028?
2
What is the units digit of 13795?
5
What is the units digit of 487?
7
What is the hundreds digit of 98404?
4
What is the thousands digit of 3180?
3
What is the units digit of 2143?
3
What is the thousands digit of 2690?
2
What is the units digit of 999?
9
What is the thousands digit of 16483?
6
What is the ten thousands digit of 91102?
9
What is the hundreds digit of 315?
3
What is the hundreds digit of 176?
1
What is the tens digit of 583?
8
What is the hundreds digit of 375?
3
What is the tens digit of 116243?
4
What is the ten thousands digit of 21713?
2
What is the units digit of 343?
3
What is the ten thousands digit of 20887?
2
What is the tens digit of 5259?
5
What is the thousands digit of 37297?
7
What is the ten thousands digit of 11269?
1
What is the tens digit of 107962?
6
What is the thousands digit of 3990?
3
What is the hundreds digit of 62516?
5
What is the units digit of 1402?
2
What is the units digit of 12163?
3
What is the tens digit of 2302?
0
What is the thousands digit of 5044?
5
What is the ten thousands digit of 18739?
1
What is the thousands digit of 3844?
3
What is the tens digit of 1824?
2
What is the thousands digit of 1379?
1
What is the hundreds digit of 4488?
4
What is the tens digit of 514?
1
What is the hundreds digit of 5936?
9
What is the hundreds digit of 1689?
6
What is the thousands digit of 1043?
1
What is the units digit of 33491?
1
What is the units digit of 78977?
7
What is the units digit of 976?
6
What is the thousands digit of 3221?
3
What is the units digit of 650?
0
What is the tens digit of 4580?
8
What is the hundreds digit of 5018?
0
What is the hundreds digit of 1052?
0
What is the tens digit of 84?
8
What is the thousands digit of 1731?
1
What is the units digit of 5270?
0
What is the tens digit of 382?
8
What is the thousands digit of 1352?
1
What is the hundreds digit of 6411?
4
What is the units digit of 1794?
4
What is the hundreds digit of 412?
4
What is the units digit of 54916?
6
What is the thousands digit of 7254?
7
What is the units digit of 4751?
1
What is the tens digit of 1162?
6
What is the ten thousands digit of 11467?
1
What is the units digit of 47136?
6
What is the hundreds digit of 10314?
3
What is the ten thousands digit of 30267?
3
What is the thousands digit of 8372?
8
What is the thousands digit of 7817?
7
What is the hundreds digit of 2657?
6
What is the units digit of 553?
3
What is the tens digit of 15542?
4
What is the hundreds digit of 113675?
6
What is the hundreds digit of 4957?
9
What is the ten thousands digit of 104262?
0
What is the hundreds digit of 4639?
6
What is the ten thousands digit of 26070?
2
What is the tens digit of 80278?
7
What is the thousands digit of 7787?
7
What is the thousands digit of 71605?
1
What is the tens digit of 52428?
2
What is the tens digit of 291?
9
What is the thousands digit of 13350?
3
What is the thousands digit of 1825?
1
What is the hundreds digit of 131186?
1
What is the thousands digit of 4888?
4
What is the hundreds digit of 19924?
9
What is the tens digit of 365?
6
What is the ten thousands digit of 21097?
2
What is the thousands digit of 5604?
5
What is the units digit of 9277?
7
What is the hundreds digit of 43925?
9
What is the hundreds digit of 582?
5
What is the ten thousands digit of 27231?
2
What is the hundreds digit of 2063?
0
What is the thousands digit of 15925?
5
What is the units digit of 3743?
3
What is the thousands digit of 2006?
2
What is the thousands digit of 1313?
1
What is the tens digit of 2801?
0
What is the hundreds digit of 3408?
4
What is the tens digit of 1239?
3
What is the hundreds digit of 1492?
4
What is the hundreds digit of 978?
9
What is the thousands digit of 32688?
2
What is the tens digit of 7608?
0
What is the units digit of 106972?
2
What is the units digit of 2243?
3
What is the tens digit of 25594?
9
What is the tens digit of 2470?
7
What is the thousands digit of 63561?
3
What is the tens digit of 922?
2
What is the tens digit of 119012?
1
What is the units digit of 10656?
6
What is the units digit of 49400?
0
What is the thousands digit of 66179?
6
What is the thousands digit of 24013?
4
What is the thousands digit of 1855?
1
What is the thousands digit of 4521?
4
What is the hundreds digit of 27778?
7
What is the thousands digit of 8027?
8
What is the tens digit of 88082?
8
What is the tens digit of 3044?
4
What is the thousands digit of 47610?
7
What is the units digit of 685?
5
What is the thousands digit of 7501?
7
What is the tens digit of 1089?
8
What is the tens digit of 87?
8
What is the tens digit of 11405?
0
What is the hundreds digit of 2745?
7
What is the units digit of 48796?
6
What is the tens digit of 51428?
2
What is the hundreds digit of 58501?
5
What is the tens digit of 5307?
0
What is the units digit of 38?
8
What is the hundreds digit of 892?
8
What is the hundreds digit of 646?
6
What is the hundreds digit of 117?
1
What is the tens digit of 19570?
7
What is the thousands digit of 153325?
3
What is the thousands digit of 113894?
3
What is the units digit of 153347?
7
What is the ten thousands digit of 50432?
5
What is the tens digit of 18?
1
What is the tens digit of 159?
5
What is the thousands digit of 2614?
2
What is the tens digit of 8147?
4
What is the hundreds digit of 970?
9
What is the units digit of 64806?
6
What is the thousands digit of 12014?
2
What is the hundreds digit of 1258?
2
What is the tens digit of 155883?
8
What is the thousands digit of 2605?
2
What is the hundreds digit of 19700?
7
What is the units digit of 4931?
1
What is the thousands digit of 8745?
8
What is the units digit of 3015?
5
What is the thousands digit of 32922?
2
What is the hundreds digit of 7290?
2
What is the tens digit of 92?
9
What is the tens digit of 13597?
9
What is the tens digit of 8803?
0
What is the hundreds digit of 5058?
0
What is the tens digit of 20648?
4
What is the tens digit of 11581?
8
What is the hundreds digit of 18486?
4
What is the hundreds digit of 49708?
7
What is the tens digit of 70?
7
What is the tens digit of 33600?
0
What is the units digit of 2784?
4
What is the thousands digit of 47342?
7
What is the units digit of 5618?
8
What is the hundreds digit of 16363?
3
What is the thousands digit of 6893?
6
What is the units digit of 16445?
5
What is the units digit of 703?
3
What is the hundreds digit of 716?
7
What is the units digit of 476?
6
What is the hundreds digit of 12840?
8
What is the ten thousands digit of 25460?
2
What is the units digit of 8662?
2
What is the thousands digit of 2740?
2
What is the hundreds digit of 109663?
6
What is the ten thousands digit of 106123?
0
What is the units digit of 8814?
4
What is the tens digit of 10465?
6
What is the thousands digit of 3143?
3
What is the thousands digit of 1146?
1
What is the tens digit of 571?
7
What is the units di